ime factors of 8129?
11, 739
What are the prime factors of 729?
3
List the prime factors of 49100.
2, 5, 491
What are the prime factors of 111223?
7, 15889
List the prime factors of 36059.
107, 337
List the prime factors of 23897.
23, 1039
List the prime factors of 48697.
11, 19, 233
List the prime factors of 426.
2, 3, 71
List the prime factors of 1513.
17, 89
What are the prime factors of 29316?
2, 3, 7, 349
What are the prime factors of 7905?
3, 5, 17, 31
List the prime factors of 103362.
2, 3, 7, 23, 107
List the prime factors of 6763.
6763
List the prime factors of 10832.
2, 677
What are the prime factors of 10698?
2, 3, 1783
What are the prime factors of 44117?
157, 281
List the prime factors of 3192.
2, 3, 7, 19
List the prime factors of 8279.
17, 487
List the prime factors of 9931.
9931
List the prime factors of 1213.
1213
What are the prime factors of 7567?
7, 23, 47
What are the prime factors of 1949?
1949
What are the prime factors of 1008?
2, 3, 7
List the prime factors of 36310.
2, 5, 3631
List the prime factors of 11.
11
List the prime factors of 2837.
2837
What are the prime factors of 5426?
2, 2713
What are the prime factors of 19015?
5, 3803
What are the prime factors of 71663?
71663
What are the prime factors of 23825?
5, 953
List the prime factors of 11969.
11969
List the prime factors of 144268.
2, 36067
List the prime factors of 3545.
5, 709
What are the prime factors of 464?
2, 29
What are the prime factors of 2909?
2909
What are the prime factors of 767?
13, 59
What are the prime factors of 621?
3, 23
What are the prime factors of 5472?
2, 3, 19
List the prime factors of 989.
23, 43
What are the prime factors of 39115?
5, 7823
List the prime factors of 4921.
7, 19, 37
What are the prime factors of 218?
2, 109
What are the prime factors of 256?
2
List the prime factors of 1699.
1699
What are the prime factors of 44253?
3, 11, 149
What are the prime factors of 7154?
2, 7, 73
What are the prime factors of 99046?
2, 49523
What are the prime factors of 1969?
11, 179
List the prime factors of 92294.
2, 46147
What are the prime factors of 999?
3, 37
What are the prime factors of 3441?
3, 31, 37
What are the prime factors of 3536?
2, 13, 17
List the prime factors of 194771.
194771
What are the prime factors of 67039?
7, 61, 157
What are the prime factors of 5007?
3, 1669
List the prime factors of 97860.
2, 3, 5, 7, 233
What are the prime factors of 4901?
13, 29
List the prime factors of 99235.
5, 89, 223
What are the prime factors of 5168?
2, 17, 19
List the prime factors of 1178.
2, 19, 31
What are the prime factors of 10655?
5, 2131
What are the prime factors of 672?
2, 3, 7
List the prime factors of 8346.
2, 3, 13, 107
What are the prime factors of 1942?
2, 971
What are the prime factors of 78458?
2, 39229
What are the prime factors of 4284?
2, 3, 7, 17
What are the prime factors of 18664?
2, 2333
List the prime factors of 4975.
5, 199
List the prime factors of 12394.
2, 6197
List the prime factors of 2097.
3, 233
What are the prime factors of 73888?
2, 2309
What are the prime factors of 13348?
2, 47, 71
What are the prime factors of 1358?
2, 7, 97
What are the prime factors of 28309?
28309
List the prime factors of 62867.
7, 1283
List the prime factors of 3127.
53, 59
List the prime factors of 2097.
3, 233
What are the prime factors of 17820?
2, 3, 5, 11
What are the prime factors of 7938?
2, 3, 7
What are the prime factors of 2023?
7, 17
What are the prime factors of 23045?
5, 11, 419
What are the prime factors of 151281?
3, 13, 431
List the prime factors of 12372.
2, 3, 1031
What are the prime factors of 6318?
2, 3, 13
What are the prime factors of 8422?
2, 4211
List the prime factors of 17.
17
List the prime factors of 26772.
2, 3, 23, 97
List the prime factors of 963.
3, 107
List the prime factors of 124881.
3, 41627
What are the prime factors of 16096?
2, 503
List the prime factors of 683.
683
What are the prime factors of 2353?
13, 181
What are the prime factors of 38551?
19, 2029
What are the prime factors of 108540?
2, 3, 5, 67
What are the prime factors of 1349?
19, 71
What are the prime factors of 94378?
2, 47189
List the prime factors of 64579.
64579
List the prime factors of 1799.
7, 257
List the prime factors of 488.
2, 61
What are the prime factors of 26792?
2, 17, 197
List the prime factors of 16409.
61, 269
What are the prime factors of 4205?
5, 29
What are the prime factors of 12099?
3, 37, 109
List the prime factors of 641.
641
List the prime factors of 2716.
2, 7, 97
What are the prime factors of 8657?
11, 787
List the prime factors of 14025.
3, 5, 11, 17
What are the prime factors of 11844?
2, 3, 7, 47
List the prime factors of 2499.
3, 7, 17
List the prime factors of 13205.
5, 19, 139
List the prime factors of 616.
2, 7, 11
List the prime factors of 41799.
3, 13933
List the prime factors of 2785.
5, 557
What are the prime factors of 127396?
2, 31849
What are the prime factors of 49174?
2, 23, 1069
What are the prime factors of 1393?
7, 199
What are the prime factors of 147844?
2, 23, 1607
List the prime factors of 1037.
17, 61
List the prime factors of 809.
809
List the prime factors of 6331.
13, 487
List the prime factors of 2430.
2, 3, 5
What are the prime factors of 1364?
2, 11, 31
List the prime factors of 18204.
2, 3, 37, 41
What are the prime factors of 19377?
3, 2153
What are the prime factors of 43197?
3, 7, 11, 17
List the prime factors of 4795.
5, 7, 137
List the prime factors of 1836.
2, 3, 17
What are the prime factors of 31153?
31153
What are the prime factors of 8770?
2, 5, 877
What are the prime factors of 2821?
7, 13, 31
What are the prime factors of 27188?
2, 7, 971
What are the prime factors of 31552?
2, 17, 29
What are the prime factors of 13783?
7, 11, 179
What are the prime factors of 15066?
2, 3, 31
What are the prime factors of 35095?
5, 7019
What are the prime factors of 121497?
3, 40499
What are the prime factors of 13295?
5, 2659
List the prime factors of 700.
2, 5, 7
List the prime factors of 60.
2, 3, 5
What are the prime factors of 1015?
5, 7, 29
What are the prime factors of 11054?
2, 5527
What are the prime factors of 2839?
17, 167
What are the prime factors of 12025?
5, 13, 37
What are the prime factors of 2550?
2, 3, 5, 17
What are the prime factors of 36?
2, 3
List the prime factors of 4838.
2, 41, 59
List the prime factors of 1609.
1609
What are the prime factors of 20483?
20483
What are the prime factors of 1471?
1471
List the prime factors of 32501.
7, 4643
What are the prime factors of 2213?
2213
What are the prime factors of 60965?
5, 89, 137
List the prime factors of 2874.
2, 3, 479
List the prime factors of 13778.
2, 83
What are the prime factors of 54279?
3, 37, 163
List the prime factors of 2554.
2, 1277
List the prime factors of 2647.
2647
What are the prime factors of 6301?
6301
List the prime factors of 174363.
3, 7, 19, 23
What are the prime factors of 33394?
2, 59, 283
What are the prime factors of 3206?
2, 7, 229
List the prime factors of 17864.
2, 7, 11, 29
What are the prime factors of 54715?
5, 31, 353
List the prime factors of 87497.
59, 1483
What are the prime factors of 14495?
5, 13, 223
What are the prime factors of 36477?
3, 7, 193
List the prime factors of 3554.
2, 1777
List the prime factors of 4499.
11, 409
List the prime factors of 26014.
2, 13007
List the prime factors of 722.
2, 19
What are the prime factors of 71662?
2, 35831
List the prime factors of 1066.
2, 13, 41
What are the prime factors of 11717?
11717
List the prime factors of 12079.
47, 257
What are the prime factors of 2733?
3, 911
What are the prime factors of 118745?
5, 11, 17, 127
What are the prime factors of 108403?
43, 2521
List the prime factors of 17058.
2, 3, 2843
What are the prime factors of 152720?
2, 5, 23, 83
What are the prime factors of 60727?
60727
What are the prime factors of 1110?
2, 3, 5, 37
List the prime factors of 35531.
35531
What are the prime factors of 23702?
2, 7, 1693
What are the prime factors of 62060?
2, 5, 29, 107
List the prime factors of 181.
181
List the prime factors of 9913.
23, 431
List the prime factors of 29095.
5, 11, 23
What are the prime factors of 744?
2, 3, 31
What are the prime factors of 12367?
83, 149
List the prime factors of 